+ 24.
2, 3
Let a(i) = 112*i**2 + 31*i + 100. List the prime factors of a(-3).
5, 7, 29
Let p = 258 + 1093. List the prime factors of p.
7, 193
Suppose -3*a + 4*d - 11 = -d, 6 = -2*a + 3*d. Let o(r) = 65*r + 12. Let m be o(1). Suppose -2*h = 3*s - m, 71 = a*s + h + 4*h. What are the prime factors of s?
3
Let z = -10 + 13. Suppose 0 = q + j - 25 - 34, -z = -3*j. Suppose -5*n + q = o, 3*n = 2*o - 76 + 25. What are the prime factors of o?
3, 11
Let i = -4584 + 6629. What are the prime factors of i?
5, 409
Suppose 2*c - 6 = -l, -4*l - c + 4 = -6. Let f be l - (4 + -1 - 26). Let a = f + 2. List the prime factors of a.
3
Let o(h) = h**3 + h**2 + h + 27. Suppose 6 = -2*n, 2*u + 5*n = 3*n + 4. Suppose -b = 4*c - 4*b, -u*b = 3*c. What are the prime factors of o(c)?
3
Let q = 4 + -4. Suppose 4*u - 35 - 165 = q. Suppose 0 = -4*o - i + u, -40 = o - 5*o + 4*i. What are the prime factors of o?
2, 3
Suppose -420 = -g + 5*g. Let n = 197 + g. Suppose n = q + 3*q. What are the prime factors of q?
23
Suppose -4*w = g - 1934, -3*w + 7*w - 1922 = 5*g. What are the prime factors of w?
3, 7, 23
Suppose 21*j = 8606 + 2167. List the prime factors of j.
3, 19
Suppose 3 + 5 = j. Let w be (j/2 - 0) + -4. Suppose -o + 4*o - 87 = w. List the prime factors of o.
29
Let j = 39 - 49. Let v = j - -112. List the prime factors of v.
2, 3, 17
Let h be (3*2)/((-18)/(-12)). Suppose -2*l - h*g - 41 = -131, 3*g = -3*l + 150. What are the prime factors of l?
5, 11
Let a be 60/14 - (-8)/(-28). Let n be 18/a*(-656)/(-24). Suppose -5*u + 2*i = i - n, -4*i = -u + 36. What are the prime factors of u?
2, 3
Suppose i = 4*i - 9. Let u(c) = -i - c**3 + 5 - 13*c**2 - c - 12*c. List the prime factors of u(-12).
2, 7
Let w(z) = -653*z**3 - 2*z**2 - 6*z - 5. List the prime factors of w(-1).
2, 163
Let l(q) = 2*q**3 + 3*q**2 - 2*q + 2. Let g(f) be the second derivative of f**5/20 + f**4/2 + f**2 - f. Let v be g(-6). List the prime factors of l(v).
2, 13
Let n(z) = -6*z - 1. Let g be n(6). Let f = g + 105. What are the prime factors of f?
2, 17
Let y be (90/(-12) - -6)/((-2)/268). Let o = y + -26. List the prime factors of o.
5, 7
Suppose -h + 55 = 3. Let g = -46 + h. List the prime factors of g.
2, 3
Suppose 3*o = -u + 2569, -14*u - 12887 = -19*u - o. What are the prime factors of u?
2, 1289
Let u(t) = t**2 + 9*t + 4. Let z be u(-7). What are the prime factors of -2 + 5/(z/(-232))?
2, 3, 19
Let j(u) = -u**2 + 12*u - 9. Let h(m) = -m**2 - 15*m - 10. Let v be h(-14). Suppose -g + 21 = v*b + 2*g, -g = -3*b + 32. What are the prime factors of j(b)?
2, 3
Let o(r) = 26*r**2 - 2*r. Let x be o(2). Suppose 0 = s - 82 - x. List the prime factors of s.
2, 7, 13
Suppose -9*o + 7895 + 10834 = 0. List the prime factors of o.
2081
Let z(g) = -7*g - 10. Let f be z(-4). Suppose -4*a = -42 - f. Let u(h) = -h**3 + 14*h**2 + 18*h - 17. What are the prime factors of u(a)?
2, 7
Let i = -204 + 778. What are the prime factors of i/2 + (-7)/((-21)/(-12))?
283
What are the prime factors of (-51)/17 - 673*-4?
2689
Let m = 3556 + -1968. What are the prime factors of m?
2, 397
Suppose 3*p - 87 = -0*l + 4*l, -5*l - 65 = -2*p. Let r = p + -24. Suppose 95 + r = 2*d. What are the prime factors of d?
2, 3
Let r(v) = v**2 - 11*v - 15. Let u be r(13). List the prime factors of 2617/u + (-5)/(-55).
2, 7, 17
Suppose 17392 - 5655 = 11*i. What are the prime factors of i?
11, 97
Let r(h) = h + 12. Let i be r(-7). Suppose 4*j = -b - b + 218, 233 = 4*j + i*b. What are the prime factors of j?
2, 13
Let y(a) be the third derivative of a**5/60 - 5*a**4/24 + a**3/2 + 6*a**2. Let s be y(2). List the prime factors of ((-40)/s)/((-3)/(-9)).
2, 5
Let c(o) = -o**3 + 11*o**2 - 12*o + 18. What are the prime factors of c(8)?
2, 3, 19
Let t(o) = -7 - 15*o + 3 + 16*o. Let f be t(10). What are the prime factors of (-114)/(-4) - (-9)/f?
2, 3, 5
Let w be (-5 + 4 - -2) + 116. List the prime factors of -1*4/((-12)/w).
3, 13
Let f be 1*-1 + 56/14. Let o be f + (-9)/((-27)/168). Suppose m - 2*m + 2*t + o = 0, -2*t + 39 = m. List the prime factors of m.
7
Suppose -4*t + c - 2*c - 177 = 0, -2*c - 10 = 0. Let r be 174/(-2 - 12/(-3)). Let j = r + t. List the prime factors of j.
2, 11
Let f(t) = 12*t**2 - 4*t - 39. What are the prime factors of f(-5)?
281
Let o(x) = -x - 9. Let p be o(-9). Suppose p*g = -g + 121. List the prime factors of g.
11
Let c = 86 + -30. Let k = -20 + c. What are the prime factors of k?
2, 3
Suppose -4*f = -0*f + 16. Let q be (f/3)/2*-3. Suppose -2*r - 35 = -q*v + r, 6 = 2*r. What are the prime factors of v?
2, 11
Let c be (6 + 84)*66/55. Let f = -28 + 81. Let s = c - f. List the prime factors of s.
5, 11
Let p(f) = 3*f**2 + 2*f. Let m = -27 - -43. Let x = -13 + m. List the prime factors of p(x).
3, 11
Suppose 2*i - 2052 = -688. What are the prime factors of i?
2, 11, 31
Let g = 1319 - -697. List the prime factors of g.
2, 3, 7
Let x(t) = t + 6. Let g be x(14). Suppose 0 = -4*s + 5*k + g, -3*s + 12 = -s - 3*k. Suppose -c + 16 + 11 = s. List the prime factors of c.
3
Let o = -1802 - -1868. List the prime factors of o.
2, 3, 11
Suppose 0 = -2*p + n + 962, 4*n - 764 - 1160 = -4*p. List the prime factors of p.
13, 37
Suppose v = 5*v - 2*o - 544, -2*v + 284 = 2*o. Let s = v - 8. What are the prime factors of s?
2, 5, 13
Let l(h) = -h**2 + 7*h - 7. Let d be l(5). Suppose -18 = d*y - 366. What are the prime factors of y?
2, 29
Let w = 650 + 182. List the prime factors of w.
2, 13
Let a = -15 + 27. Suppose -a*d + 7*d + 60 = 0. What are the prime factors of d?
2, 3
Suppose -12955 = -5*h + 4*j, -j - 10375 = -4*h - 0*j. List the prime factors of h.
3, 5, 173
Suppose -810 = -5*z + 170. Suppose z - 21 = 5*q. List the prime factors of q.
5, 7
What are the prime factors of (5/((-100)/1645))/((-4)/16)?
7, 47
Suppose 9 = 5*d - 71. Suppose -5*t + 4*s + 0*s = -38, 2*s = 2*t - d. List the prime factors of t.
2, 3
Let z(d) = 9*d + 506. List the prime factors of z(75).
1181
Suppose -11*w + 2393 = -10*w + x, -4*w - 2*x = -9582. List the prime factors of w.
2, 11, 109
Let l(b) = 98*b**2 + 125*b - 10. What are the prime factors of l(4)?
2, 3, 7
Suppose 0 = 2*n + 2*n + 16. Let v = 2 - n. List the prime factors of (-6)/(-4) - (-183)/v.
2
Suppose f + 2*f + 4*i - 1057 = 0, 0 = -4*f - 5*i + 1408. List the prime factors of f.
347
Let j(l) = 9*l**3 - 8*l**2 - 2*l - 80. List the prime factors of j(7).
3, 17
Suppose -2784 = -2*v - 2*v. What are the prime factors of v?
2, 3, 29
Let l be (-22 - -44)*6/4. What are the prime factors of 28/42*l/2?
11
What are the prime factors of 242 - (-4)/3*3/(-2)?
2, 3, 5
Let n(o) = -110*o - 28. List the prime factors of n(-2).
2, 3
Let c(t) = 3*t + 1. Let f(g) = -g - 1. Let u(i) = 2*c(i) + 5*f(i). Let d be u(3). Suppose 2*s + d*h = 4*h + 4, -4*s = -2*h - 14. List the prime factors of s.
2
Let w be 4*1/(2 + -3). List the prime factors of (2 - 3)*-61 + w.
3, 19
Let i(f) = 7*f - 13. Let u be i(10). Let a = 172 + -94. Suppose -a = -5*x + u. What are the prime factors of x?
3
Suppose 3*t - 1 + 21 = 4*v, v = -t - 2. Suppose -2*i - 2*i = -3*z - 122, 149 = 5*i - v*z. List the prime factors of i.
29
Suppose 3*i - 6*i = -9. Let a(l) = 5*l**2 + l. Let x be a(i). Let g = -17 + x. What are the prime factors of g?
31
Suppose 0*p = -2*p + 8, -4*p + 40 = 4*l. Let k = 4 - l. Let f(x) = x + 4. List the prime factors of f(k).
2
Let j(a) = 16*a + 1. Let n be j(14). Suppose 3*h + 2*h + 5*t = n, -2*h = -4*t - 60. List the prime factors of h.
2, 5
Let b(v) = -v**3 + 13*v**2 + v + 16. Suppose 0 = 5*p - 4*w - 57, 3*p + 3*w - 37 = 4*w. List the prime factors of b(p).
29
Let a = 19 + -27. Suppose 2*f + 8 = 2*d, f = -3*d - 6 + 22. List the prime factors of -9*a/12*f.
2, 3
Suppose -21 = -2*s - 3*o, -s = 3*s + o - 67. Suppose 0*r - 6*r = -s. Suppose -l = 3*l - r*h - 178, 4*l - h - 182 = 0. List the prime factors of l.
2, 23
Let d be (-7)/(70/6)*-5. Suppose 0 = z + 2*o - 275 + 96, 0 = -d*o + 12. List the prime factors of z.
3, 19
Suppose -2 = -2*f + 2. Suppose 4*u - f*p = -u + 22, 5*p - 15 = -5*u. Suppose -u*z + 158 = -30. What are the prime factors of z?
47
What are the prime factors of (-112 - -108) + -2 + 4279?
4273
Let k be ((-3)/(-6)*0)/2. Suppose 71 = 3*f + j, -f - 3*j + 8 + 5 = k. Suppose 3*g = f + 56. What are the prime factors of g?
3
Let p(w) be the third der